lculate the remainder when z is divided by 7.
3
Suppose -4*t - 8 = -2*c, 3*t = -3*c - 2*t + 23. Calculate the remainder when 50 is divided by c.
2
Let i be (-416)/(-48)*186/4. Suppose 0 = 5*d + 2*t - t - 401, i = 5*d + 3*t. What is the remainder when d is divided by 21?
17
Let b = 283 + -240. Calculate the remainder when 124 is divided by b.
38
Suppose -2*s = -28 - 2. Let o(l) = l**2 + 7*l - 13. Let d be o(-9). Suppose -d*g = -0*g - 20. What is the remainder when s is divided by g?
3
Suppose 5*b + n - 2*n = 77, 2*n = 2*b - 26. Let s = 125 - 115. What is the remainder when b is divided by s?
6
Let s be -2 + 6/9*3. Let p = s + 12. Suppose -31 = -j + 2. Calculate the remainder when j is divided by p.
9
Let d(b) = -b**2 - 22*b + 1. What is the remainder when 109 is divided by d(-6)?
12
Let f = 47 + -41. Calculate the remainder when (36/10)/(9/120) is divided by 6/(-9) - (-106)/f.
14
Suppose 5*u - 393 = 2*h, 3*h - 18 - 47 = -u. Calculate the remainder when u is divided by 13.
12
Suppose 1602 = -3*c + 9*c. Calculate the remainder when c is divided by 27.
24
Let o(p) = -p**2 - 2*p - 5. Let l be o(-2). Let r(n) = 3*n + 71. What is the remainder when r(l) is divided by 19?
18
Calculate the remainder when (-315)/(-90)*(-18)/21*-22 is divided by 24.
18
Suppose -1033 = -20*q + 1167. What is the remainder when q is divided by 28?
26
Let h = 35 + -33. Let w(s) = -4*s**2 + 4. Let r(t) = t**2 + 1. Let z(b) = 2*r(b) - w(b). Calculate the remainder when z(h) is divided by 12.
10
Suppose -v - v = 5*w - 721, -5*v + 1890 = -5*w. Suppose 9*p - v = 410. Calculate the remainder when p is divided by 30.
27
Suppose -f - 5*f = 0. Suppose 2*k = -2*g + 184, f = -g + 2 + 3. What is the remainder when k is divided by 23?
18
Let f(y) = 12*y - 24. Let w(u) = -u**2 - 5*u + 2. Let t be w(-4). Calculate the remainder when f(t) is divided by 18.
12
Suppose 67*q - 66*q = -2*i + 20, -4*i - 3*q + 38 = 0. Suppose 4*y = r + 129, -5*y - 3*r + 5*r = -165. Calculate the remainder when y is divided by i.
9
What is the remainder when 2/11 - (-31)/11 - -124 is divided by 38?
13
Let s(n) = -7*n - 21. Suppose 11*j + 21 = 8*j. Calculate the remainder when (29 + 0 - 2)*3 is divided by s(j).
25
Calculate the remainder when 123 is divided by 26 + -15 - (11 + -5).
3
Let p = -69 + 98. Calculate the remainder when 259 is divided by p.
27
Suppose 4*x - 483 = 4*s + 29, -379 = -3*x + 2*s. Suppose -6*b - 9 = -x. Calculate the remainder when 151 is divided by b.
18
What is the remainder when 90 is divided by 7/((-147)/14)*(3 - 18)?
0
What is the remainder when 264 is divided by (280/100)/(4/20)?
12
Suppose -5*x - w = -128, -2*w = -5*x + 2*w + 138. Suppose x = l + 2*z - 4*z, 4*l - 86 = 2*z. Calculate the remainder when l is divided by 0 - (2 - 2) - -11.
9
Let o = -150 + -98. Let u = o - -362. Calculate the remainder when u is divided by 39.
36
Let y(q) = -q + 2. Let o(n) = 49*n + 163. What is the remainder when o(-3) is divided by y(-4)?
4
Let r(u) = u - 1. Let o(i) = i**3 - 4*i**2 - 3*i + 3. Let d(y) = -o(y) - 3*r(y). What is the remainder when 14 is divided by d(3)?
5
Let y = 19 + 3. Let u = -33 + 4. Let b = u - -37. What is the remainder when y is divided by b?
6
Let k be ((-2)/3)/(8/(-60)). Suppose 2*z - 5*c - 37 + k = 0, -c = z - 16. What is the remainder when 39 is divided by z/(-6)*(-63)/12?
11
Suppose 4*p + 280 = 5*r, -r = 5*p - 28 + 1. What is the remainder when r is divided by 12?
4
Let f = -198 + 309. Let k(w) = -w**3 - 4*w**2 - w + 6. Let v be k(-3). What is the remainder when f is divided by v + 3 + -1 - -26?
27
Suppose -7*k - 22 = -71. Suppose -k*o + 135 + 453 = 0. What is the remainder when o is divided by 17?
16
Let q(g) = -g - 13. Let w be q(-10). Calculate the remainder when w/((1 + -2 + -2)/13) is divided by 8.
5
Let v(g) = -2*g**2 + 96*g - 2. Calculate the remainder when v(39) is divided by 6.
4
Calculate the remainder when 198 is divided by 6/(-87) + 7525/203.
13
Let u be (-19)/((-4 + 3)/1). Suppose u - 10 = 3*m. Calculate the remainder when 64 - (m + -2 + 3) is divided by 21.
18
Calculate the remainder when 0/6 - (-6 + -621) is divided by 30.
27
Suppose -1 = p, 3*y - 3*p + 25 = -p. What is the remainder when -47*y/2*18/27 is divided by 36?
33
Let b = 1952 + -1829. What is the remainder when b is divided by 59?
5
Suppose 23 = 4*n - 13. What is the remainder when 16 is divided by n?
7
Suppose 0 = -5*i + 4 + 21. Let w(c) = -c**3 - 4*c**2 - 3*c - 3. Let s be w(-4). Suppose -11 = -5*q + s. Calculate the remainder when i is divided by q.
1
Suppose -5*u = -25 - 0. Suppose u*y = 2*y + 18. Suppose -1 = d - k - y, -4*d + 21 = -5*k. Calculate the remainder when 5 is divided by d.
1
Suppose d - 4*s + 0*s = 0, 0 = -d - 5*s + 9. Suppose 2*v - d*n + 23 - 91 = 0, 0 = -v + n + 30. What is the remainder when 103 is divided by v?
25
Let d = 251 + 43. Suppose 5*p = 2*k + d, 0 = 2*p - 3*p - 2*k + 54. Calculate the remainder when p is divided by 12.
10
Let o = 39 + -18. Let l = o + -18. Suppose -2 = -l*m + 46. Calculate the remainder when 46 is divided by m.
14
Suppose 0 = -0*u - 6*u + 30. Suppose 0*f + u = f. Suppose -5*x = f*d + 70 - 540, 2*d - 185 = -5*x. Calculate the remainder when d is divided by 24.
23
Let b be -1 + 7 + -6 + (93 - -1). Let r = b + -76. Calculate the remainder when r is divided by 2.
0
Suppose 3*t + 57*w - 2535 = 60*w, -3*t - 4*w + 2528 = 0. Calculate the remainder when t is divided by 106.
102
What is the remainder when 4*3722/20 - (-9)/15 is divided by 83?
81
What is the remainder when (-3)/1 - (-44)/(-11)*-53 is divided by 30?
29
Suppose 5*r = -4*b + 89, 3*r - 5*b = -r + 63. What is the remainder when 676 is divided by r?
13
Let u(j) = 3*j + 26. Suppose 5*p + r + r - 16 = 0, -12 = -4*r. Calculate the remainder when u(-7) is divided by p.
1
What is the remainder when 338 is divided by (-2*2/(-4))/(19/646)?
32
Let m = 561 - 17. What is the remainder when m is divided by 42?
40
Let c be (-286)/(-10) - 28/(-70). Let h = 46 - c. Calculate the remainder when 83 is divided by h.
15
Let j be 1 - 2 - 15/(-3). Suppose -3*w = -w + 5*m + 20, j*m + 16 = 4*w. Suppose 3*l + 4*l - 378 = w. What is the remainder when l is divided by 19?
16
Let a be (-46)/14 + 3 - 4/(-14). Suppose -w = 3*w - 2*c - 36, -5*c = a. Calculate the remainder when w is divided by 4.
1
Suppose 0 = -3*p + 223 + 398. Suppose -5*k - 87 = -p. Suppose -4*m = -31 - 5. Calculate the remainder when k is divided by m.
6
Suppose 379 - 2139 = -40*f. What is the remainder when 79 is divided by f?
35
Suppose -4*d + 4*p + 88 = 0, 5*d = -4*p - p + 110. Calculate the remainder when d is divided by 17.
5
Let k(o) = o**3 + 12*o**2 - 11*o + 13. Let g be k(-13). Suppose 3*m + 10 = -2*m. What is the remainder when (-1096)/(-26) - m/g is divided by 11?
9
Let w = -159 - -275. What is the remainder when w is divided by 10?
6
Suppose -37*a + 19*a + 7506 = 0. What is the remainder when a is divided by 6?
3
Let p = 195 + -181. Calculate the remainder when 65 is divided by p.
9
Let z(y) = -y + 3. Suppose -3*p = -61 - 80. Suppose -5*r + 17 = p. Calculate the remainder when 14 is divided by z(r).
5
Suppose -2*b - 19*a + 25 = -24*a, -b + a = -17. Let u(h) = -4*h + 23. What is the remainder when u(-14) is divided by b?
19
Let c be (5 + (-4)/(-4))*(-75)/(-9). Suppose 0 = 2*s + r - c, 0*s - 4*r = -s + 7. Suppose 0 = z - 11 - 32. Calculate the remainder when z is divided by s.
20
Let c = -96 - -177. Calculate the remainder when 6*(-2 + 21/2) is divided by ((-8)/6)/(-2 - (-156)/c).
15
Suppose x - 160 = -9*d + 4*d, 2*x = 0. Suppose -2*v + d = 12. Let y(p) = p**3 - 10*p**2 + 3*p - 10. What is the remainder when 58 is divided by y(v)?
18
What is the remainder when (40/120)/((-1)/(-486)) - 0 is divided by 41?
39
Suppose 0*k = 4*k - 44. Suppose 27*a - 2060 = 2314. Calculate the remainder when a is divided by k.
8
Let k = 29 + -44. Let w be ((-18)/k)/(14/35). Calculate the remainder when (2/w)/((-16)/(-600)) is divided by 13.
12
What is the remainder when 669/9 + 3/(-9) is divided by 16?
10
Let a(j) = -39*j + 348. Calculate the remainder when a(7) is divided by 5.
0
Let l(v) be the first derivative of 3*v - 2*v**2 + 3 + 1/4*v**4 - v**3. Calculate the remainder when l(4) is divided by 2.
1
Suppose v + 2*x = 66 + 119, 0 = 3*x + 15. Let r = 3 + v. Calculate the 